he greatest common factor of 5 and a.
5
Suppose -2*c - 25 + 9 = -2*y, 5*c + 30 = 4*y. Calculate the highest common divisor of 730 and y.
10
Let d = -227 - -233. What is the highest common factor of d and 9?
3
Suppose 2*q - 4*q + 6 = 0. Let b be 3 + 1 + (2 - q). Suppose 4*j - 3 = b*j. What is the highest common factor of j and 33?
3
Let w = -188 + 210. Calculate the greatest common factor of 110 and w.
22
Suppose -5*j + 165 = -4*y, j = y + 5*j + 15. Let b = -34 - y. What is the highest common factor of 7 and b?
1
Suppose 3130 = -30*z + 12880. What is the greatest common divisor of z and 25?
25
Suppose -3*t = -9*t + 132. Suppose 2*p - 16 = -t. Let w be -4 + (-2 - p - -35). Calculate the highest common divisor of 8 and w.
8
Let s = 339 + -327. Let b be (83 - -1)*(-10)/(-20). What is the greatest common divisor of s and b?
6
Let a(s) = -3 - 2*s**2 + 6*s**2 + 5*s + 3*s + 0. Let j be a(6). Calculate the highest common divisor of j and 27.
27
Suppose 0*b = 2*b - 52. Let f = 56 - b. Let h be (32/24)/(4/f). Calculate the greatest common factor of 50 and h.
10
Suppose -3*t = 3*q - 12, 0 = 4*q - 2*t + 10 - 38. Let a be 1/q + 32422/156. Let p = 62 - 36. Calculate the greatest common factor of p and a.
26
Let m = -42 + 64. Let u(b) = b**2 - 24*b + 173. Let j be u(10). Calculate the greatest common factor of j and m.
11
Suppose 8*a - 33 = 87. What is the greatest common factor of a and 95?
5
Suppose -13*j + 5*j + 40 = 0. Suppose 5 = -j*d, -3*c = -2*d - 4 - 31. What is the highest common factor of c and 121?
11
Let x(l) = l + 14. Let u be x(-5). Suppose -4*t + u*o + 219 = 6*o, -5*t = 5*o - 230. Calculate the highest common divisor of 34 and t.
17
Suppose -4 = 2*r - 8. Suppose 6*x - r*x = 320. What is the highest common divisor of x and 8?
8
Let o(r) = -r**2 + 4*r + 3. Let g be o(6). Let f(l) be the first derivative of l**2/2 + 17*l + 55. Let c be f(g). What is the greatest common factor of 8 and c?
8
Let n(j) = 2*j**3 + 8*j**2 + 4*j - 72. Let y be n(6). What is the greatest common factor of y and 42?
42
Suppose 3*w = 2*q + w + 322, -639 = 4*q - 3*w. Let m = -56 - q. What is the greatest common factor of m and 20?
20
Let j be 1/3 - (-141)/9. Suppose 2*g = g + 48. What is the greatest common factor of j and g?
16
Let d(j) = -j + 41. Let t be d(-5). Calculate the greatest common divisor of 598 and t.
46
Let k(g) = -63*g**3 - 3*g**2 + 3. Let v be k(-1). Calculate the greatest common factor of 279 and v.
9
Let l(m) = -8*m - 1. Let x be l(-1). Suppose -4*r + 3*k - 7 = -55, 0 = -r + 2*k + x. Let u = -36 - -81. What is the greatest common factor of r and u?
15
Let u be (-4)/(-14) + 3016/28. Suppose 4*k - 92 = -0*k + 5*q, -20 = -2*k - 4*q. What is the greatest common divisor of k and u?
18
Let c be 132/99 - (-293)/3. What is the highest common divisor of 132 and c?
33
Suppose 0 = 5*x - 3*v + 7*v + 538, -2*x = -v + 223. Let g = -631 - -430. Let j = x - g. Calculate the highest common divisor of 13 and j.
13
Suppose 0 = -2*l + 551 - 19. Suppose 12*w - 5*w = l. What is the highest common factor of w and 342?
38
Let z = 100 - 97. Suppose 8*t = z + 53. What is the highest common divisor of t and 2?
1
Let o be 2*(-5 + 18) - -6. Calculate the greatest common factor of 64 and o.
32
Suppose -f + 122 = 2*i, -2*i + 41 = 2*f - 77. Let d = -10 + 19. What is the highest common divisor of d and i?
9
Let k = 11 - 6. Suppose -5*g = -0*p - 3*p - 67, 5*g - 75 = k*p. Let v be 44*(5/(-20) + (-10)/(-8)). What is the greatest common factor of v and g?
11
Let b be ((13 - -1) + 0 + -4)/((-5)/(-30)). Let z be 98/5 + 4/10. Calculate the greatest common factor of z and b.
20
Let c = 41 + -39. Let x be (55/(-5))/((-2)/c). Let b be 2080/48 - 4/(-6). What is the greatest common divisor of x and b?
11
Let y(b) = -b**2 + 3*b + 13. Let k be y(6). Let p(l) = -4*l + 3. Let v be p(k). Calculate the greatest common divisor of 23 and v.
23
Let y be 8 + -11 + (-75)/(-1). What is the highest common factor of y and 48?
24
Let f be 3 + 1 + 0/(-12). Suppose -f*r + 87 = 15. Calculate the highest common factor of 12 and r.
6
Let n(f) = 4*f + 17. Let a be n(-3). Let j be (210/(15/a))/2. Calculate the highest common divisor of 7 and j.
7
Let q(b) = 7*b + 69. Let a be q(5). Let y = -46 + 85. Calculate the highest common divisor of a and y.
13
Let x be 239/3 - 1/(-3). Suppose -7*k - 3*k + 160 = 0. What is the greatest common factor of x and k?
16
Suppose -3*w - 2*n + 15 = 0, 5*n = -6 + 21. Suppose -2*z = z. Suppose z = w*l + l - 4. Calculate the highest common divisor of l and 11.
1
Let f = 777 + -687. Calculate the greatest common factor of 1170 and f.
90
Let f(t) = 51*t + 120. Let z be f(-2). Let c(a) = 45*a. Let g be c(-2). Let y be g*(3/3)/(-1). Calculate the highest common divisor of z and y.
18
Let g be (-10)/(-2)*6/10. Suppose -2*c = -k - 69, -g*k = 4*c - 46 - 87. Suppose -466 = -5*b + c. What is the greatest common factor of 40 and b?
20
Let k(z) = -z**3 - 8*z**2 - 8*z - 7. Let i be k(-8). Suppose -i = -9*o - 12. What is the highest common divisor of 5 and o?
5
Suppose 52*k - 50*k + 2*y = 6, -2*y = 6. Let b = 13 + -25. Let s = b + 24. Calculate the greatest common divisor of s and k.
6
Suppose -6*z = -z + 15. Let c be z + 0 - (-153)/3. Calculate the highest common divisor of c and 16.
16
Let w = 58 + -59. Let a be -1 + 74 + (-4)/w. What is the highest common divisor of 11 and a?
11
Let w = -534 + 1062. Calculate the highest common divisor of 12 and w.
12
Let o(a) = 2*a + 7. Let x be o(5). Let m = -15 + x. What is the greatest common divisor of m and 26?
2
Let y(n) = 113*n + 94. Let i be y(2). What is the greatest common factor of 128 and i?
64
Let s be (8/(-14) + 0)*-364. Calculate the highest common divisor of 40 and s.
8
Let y be (-120)/(-65) + 2 - (-4)/26. What is the greatest common divisor of y and 68?
4
Suppose 2*z - z - 4*a - 40 = 0, 4*z + 2*a = 160. Suppose t = -3*f + z, -4*t + 4*f = 3*f - 212. What is the greatest common divisor of t and 13?
13
Suppose 5*y + 4*z - 4 = 32, 5*y - 40 = -5*z. What is the greatest common factor of y and 20?
4
Suppose -4 = -2*k + k. Suppose y = -4*q - 0*q + 74, -275 = -5*y - q. Suppose 7*n - 58 = y. What is the greatest common factor of n and k?
4
Let f = 46 + -16. Suppose -4*z - z + f = 5*n, 12 = z + 3*n. Let k be (54/(-4))/(11/(-22)). Calculate the greatest common divisor of k and z.
3
Let r be ((-2)/(-7))/((-1)/(-14)). Let v be -3 - (-1)/(r/20) - -7. What is the greatest common factor of 36 and v?
9
Let h = 1586 + -1330. Calculate the greatest common divisor of 48 and h.
16
Suppose -o - 5 = -2*o, -3*a + 3*o = 6. Suppose 0 = y + 4 - 64. Suppose w = a*w - y. Calculate the highest common divisor of 90 and w.
30
Suppose 171*z = 138*z + 528. Let g(a) = a - 1. Let r(c) = c - 2. Let f(w) = 4*g(w) - r(w). Let h be f(2). What is the highest common factor of h and z?
4
Let y(n) = n**3 + 10*n**2 + 6. Let b be y(-10). Let t = 142 + -100. What is the highest common factor of b and t?
6
Let x be (-1)/(714/(-1470) + 4/14). Calculate the highest common factor of 1195 and x.
5
Suppose -17*s = -2*b - 18*s + 37, -2*b - 5*s = -49. Let h = -192 - -487. Let x = h + -142. What is the highest common divisor of x and b?
17
Let t(b) = -b**3 + 7*b**2 + 6*b - 3. Let v be 4*(-15)/(-20)*2. Let j be t(v). Calculate the highest common divisor of j and 23.
23
Let i = -4 - -3. Let m be 8 - i/((-4)/12). Suppose -4*d + m*t + 158 = 0, 52 = 3*d + t - 76. What is the highest common divisor of d and 6?
6
Let p = 993 + -919. What is the highest common factor of 962 and p?
74
Let b = 57 - 27. What is the highest common divisor of b and 3?
3
Let n(q) = q**2 + 8*q - 28. Let m be n(3). What is the highest common factor of m and 5?
5
Suppose 3*p + 5*w = 6*p - 205, w = 4*p - 245. Calculate the greatest common factor of 80 and p.
20
Let o(h) = -8*h**3 - 2*h**2 + h - 3. Let y be o(-3). Calculate the highest common factor of y and 12.
12
Let w(p) = p**3 + 4*p**2 - p - 1. Let v be w(-2). Let g = -6 + v. Let b = -7 + 16. Calculate the highest common factor of b and g.
3
Let h = -29 - -41. Calculate the highest common divisor of 708 and h.
12
Let v be (11*-1)/((-1)/10). Suppose -a - 7*y + 10 = 0, -11 + 1 = -a + 4*y. Calculate the greatest common factor of a and v.
10
Let h be (-3)/(6 - 3 - 4). Suppose h*g - 140 = -5